10 + p. Suppose d = u - a*u + 95, -2*d + u = -185. What is the greatest common factor of 62 and d?
31
Suppose f = -1, -4*o = o + 4*f - 146. Let r = o - 12. Let h(p) = -4*p + 2. Let y be h(-4). Calculate the greatest common divisor of r and y.
18
Suppose 3159 = 3*k - 60. Suppose -1403 = 85*q - 4548. What is the highest common factor of q and k?
37
Suppose -32 = 5*z - 2. Let g = 11 + z. Suppose -2*r + 122 + 37 = -p, -p = g. What is the highest common factor of r and 11?
11
Let z(y) = 1 - 2 - 4*y - 2 - 6*y**2 - 23*y**2. Let b be z(-1). Let s = 40 + b. Calculate the greatest common factor of 96 and s.
12
Let y(l) = l**2 - 22*l + 115. Let k be y(17). Calculate the greatest common divisor of k and 30.
30
Let i = 9 + 13. Let t be -2*2/(-10) - 13/(-5). Suppose 26 + 5 = c - t*u, u = 4*c - 91. What is the greatest common factor of c and i?
22
Let f(j) = -8*j - 41. Let a(b) = 11*b + 42. Let o(r) = -5*a(r) - 6*f(r). Let m be o(-3). What is the highest common factor of m and 95?
19
Suppose -15*y = -26 - 4. Suppose -y*o + 5*o - 228 = 3*p, 228 = 3*o + 3*p. Calculate the highest common divisor of o and 8.
4
Suppose -2*i + 4*i = -3*s + 170, 0 = -2*i - s + 174. Let m = -6 + 14. Let g be 2 + 2/(m/36). Calculate the highest common divisor of i and g.
11
Let g be (-96)/(-9) - ((-124)/12 - -11). Calculate the highest common divisor of g and 50.
10
Suppose -20 = 4*o - 4. Let n(d) = -2*d**3 - 4*d**2 - 3*d - 7. Let j be n(o). Calculate the highest common factor of 3 and j.
3
Suppose 25 - 355 = -3*k. Let o = k - 71. Calculate the highest common divisor of 39 and o.
39
Suppose -23*h + 21*h = -94. Let x = h + -44. Suppose x*q - 4*w = 8*q - 35, -5*w = -25. What is the highest common factor of 21 and q?
3
Let j = -307 + 671. Suppose -j = -v + 4*u, -v + 3*u = -32 - 336. What is the greatest common divisor of v and 20?
20
Suppose -3*w + 76 = -31*w + 30*w. Calculate the highest common divisor of 361 and w.
19
Suppose 0 = 284*p - 2210 - 135 - 495. Let c = 75 + -45. Calculate the highest common divisor of p and c.
10
Let c = -260 + 260. Suppose 2*r = -4*y + 110, c = 4*y - 0*y - 5*r - 117. Calculate the highest common divisor of y and 308.
28
Suppose 2*u + 18 = -3*y - 0*u, 4*y - 2*u = -10. Let t be (y/6)/((-6)/639). Suppose 3 = s, 2*n - t - 72 = -s. Calculate the highest common factor of n and 35.
35
Let s be 9/(-15) + (-21)/(-35). Suppose 2*w = q - 18, s = 2*q + 9*w - 7*w - 12. What is the greatest common factor of q and 55?
5
Suppose 3*c = -5*c + 680. Let j = c - -32. Suppose 3*w - j = h, -5*w + 5*h - 3*h + 194 = 0. What is the greatest common factor of w and 16?
8
Suppose -4*k = 5*u - 3057, 4*k - k = 2*u + 2264. Let z be (-13)/78 - (k/(-12) - 2). Calculate the greatest common factor of z and 65.
65
Suppose 2*z = -4*h - 18 + 6, -z + 2*h + 14 = 0. Let c be (201 - (20 - 11) - -3) + 5. What is the highest common divisor of c and z?
4
Let p(w) be the second derivative of w**3/6 + 14*w**2 + 55*w + 2. Let h be p(7). Calculate the greatest common divisor of 15 and h.
5
Suppose 0 = 2*a + 3*c - 375 - 82, 0 = 4*a + 2*c - 902. Suppose -12*u + 768 = -4*u. Calculate the greatest common divisor of u and a.
32
Let v(u) = -u**2 - 21*u + 5. Let w be v(-21). Suppose -4*b = 2*t - 120, -4*b + 105 + 171 = w*t. What is the greatest common factor of 39 and t?
13
Let c(x) = 5*x + 2. Let o be c(22). Suppose 5*m - 33 = -5*a + o, -4*a = -m - 91. What is the highest common factor of a and 48?
24
Suppose -108*w + 312*w - 334838 - 133342 = 0. Calculate the greatest common divisor of 54 and w.
27
Suppose -5*g + 6 + 77 = -3*c, 3 = -3*c. Suppose 812*j - 822*j = -40. What is the greatest common divisor of g and j?
4
Suppose -207*m + 1709 = -1780 - 30. Let c(p) = -p**2 - 6*p - 4. Let n be c(-5). Calculate the greatest common divisor of n and m.
1
Let u(g) = 5*g - 9. Let n be u(13). Let a(v) = 30*v + 524. Let x be a(-10). Calculate the greatest common divisor of x and n.
56
Suppose -4*i - 14 + 150 = 3*d, -5*d + 2*i = -270. Suppose -45*v + d*v - 2583 = 0. What is the highest common factor of 9 and v?
9
Let d = -229 - -96. Let j = -94 - d. Calculate the highest common divisor of j and 39.
39
Let k = -82 + 113. Suppose 957 = 42*s - k*s. Calculate the greatest common factor of s and 116.
29
Let v be ((-402)/4)/((-6)/4). Suppose -p + v = -8. What is the greatest common divisor of p and 45?
15
Suppose 13*d - 33730 = -3*d + 97870. Calculate the greatest common factor of 7 and d.
7
Let o be 33*(-3 - (-3 + -1)). Suppose o*h = 43*h - 630. What is the greatest common divisor of 147 and h?
21
Suppose 0 = 324*b - 333*b + 306. Let p(l) = -l + 26. Let c be p(9). What is the greatest common factor of c and b?
17
Let j(b) = -15*b - 159. Let w be j(-12). Suppose 0 = -8*i + w + 203. What is the greatest common factor of i and 12?
4
Suppose 2*h - 573 = 3*x - 177, 0 = 4*h + 4*x - 732. Suppose 19 - 120 = -3*w - 4*l, 0 = w + l - 32. Calculate the highest common divisor of h and w.
27
Suppose 3*m + 3*q - 4794 = 0, -q - 6397 = -4*m - 0*q. Calculate the greatest common divisor of 492 and m.
123
Let v be (-468204)/(-704) + (-1)/16. Calculate the greatest common factor of v and 38.
19
Suppose -5*j + 3*j - 320 = 0. Let q = j + 226. Suppose -f = -4*f + 2*n + 37, 5*f + n - q = 0. What is the greatest common divisor of f and 26?
13
Let d(w) be the second derivative of w**4/6 + 12*w**2 + 75*w - 2. Let s be d(11). Calculate the greatest common factor of 14 and s.
14
Let y be (3 - -162) + -3 + 2 + 1. Let j = 186 - y. What is the highest common divisor of 12 and j?
3
Let n = -14691 - -15042. What is the highest common factor of 1326 and n?
39
Let l = 6699 - 6011. What is the greatest common divisor of 1118 and l?
86
Let c be (-94)/(13 + 4745/(-364)). Calculate the greatest common divisor of 112 and c.
56
Suppose 3*r = -4*w + 452, 1239*w + 515 = 3*r + 1234*w. Calculate the greatest common factor of r and 1504.
32
Let v(u) = -u**3 + 54*u**2 + 58*u - 113. Let o be v(55). Suppose 1038*p = 1036*p + o. Calculate the greatest common divisor of 4 and p.
2
Let i = -90 - -30. Let y = i + 40. Let m be (-1284)/y + (-1)/5. Calculate the greatest common divisor of 16 and m.
16
Let y be 54/8 + 39/(-52). Suppose 2*t - 582 = 3*f, 0 = y*f - 8*f + 8. What is the highest common divisor of t and 33?
33
Suppose -2*j + 3*d = -228, -67 = -4*j - 3*d + 335. Calculate the greatest common divisor of 390 and j.
15
Suppose -57 = -13*u - 31. Suppose u*q - 19 = l + 68, 0 = -5*q - 5*l + 195. What is the greatest common divisor of 105 and q?
21
Suppose -48*h + 240 = -32*h. What is the greatest common divisor of h and 485?
5
Suppose -2*z + 5*f + 85 = 0, -114 = -2*z + 3*f - 39. Calculate the greatest common factor of 726 and z.
6
Suppose 5*k - 233 = -3*b + 38, 5*k + 338 = 4*b. Suppose -4*c - 50 + 146 = f, f = -c + b. What is the highest common factor of 12 and f?
12
Let l(h) = 5*h - 858 + 1098 + 0*h. Let f be l(-28). Calculate the greatest common factor of f and 70.
10
Let z be 2 + -415 + 8 + (-3 - -7). Let h = z + 544. What is the highest common factor of h and 13?
13
Suppose 0 = -h - 6 - 6. Let s be (-1 - 3) + h/3 + 4. Let a be 2/(-8) + (-57)/s. What is the highest common divisor of a and 14?
14
Let n = 149 + -142. Suppose -n*k + 192 = 5*k. What is the greatest common factor of k and 80?
16
Let f(t) = -8*t**2 + 11*t + 10. Let k = 69 + -64. Let q be f(k). Let m be (-3)/(-5)*q/6*-4. Calculate the highest common divisor of 6 and m.
6
Let x = -251 + 545. Suppose -z + 1438 = 5*w, -2*w - 3*z = -3*w + x. What is the highest common factor of w and 96?
96
Let z(d) = 10*d - 144. Let k be z(15). Suppose -f + c + 4 = -3, 2*c - k = -3*f. What is the greatest common factor of 50 and f?
2
Let k = 563 + -76. Let q = 503 - k. Calculate the highest common divisor of q and 4.
4
Suppose 60270 = -274*j + 561*j. Suppose -3*f - 8 = -95. Let c = f + 1. Calculate the greatest common factor of c and j.
30
Let f be 13/((-351)/8469) + (-2)/(-3). Let n = f + 319. Calculate the greatest common divisor of 58 and n.
2
Let r = 6432 - 5658. What is the highest common factor of r and 90?
18
Let y be (-14)/(-140)*32 + 4/30*6. What is the greatest common factor of y and 248?
4
Suppose 13*l - 194 = -77. Let c be 3 + 4/(-8)*10. Let g be (0 - -54)*(-1)/c. What is the highest common divisor of l and g?
9
Let g(k) = 